+ l. Suppose 24 - 76 = -p*x. What is the tens digit of x?
1
Let g(k) = 3*k**2 - 13*k + 21. Suppose -4 = 5*o - 9. Let r(m) = -m**2 - m - 1. Let w(q) = o*g(q) + 2*r(q). What is the units digit of w(15)?
9
Suppose -2290 = -19*r + 17*r - 3*u, u + 4594 = 4*r. Let f = 1923 - r. What is the units digit of f?
5
Let k(w) = 86*w + 47. Let g(u) = -44*u - 23. Let d(i) = 13*g(i) + 6*k(i). What is the units digit of d(-9)?
7
What is the ten thousands digit of 190*443 - ((-2)/(-54) + 4624/(-918))?
8
Let j = 211 + -217. What is the hundreds digit of ((-2620)/(-15))/(j/(-18))?
5
What is the tens digit of (-482)/3615 - ((-863228)/15)/4?
8
Suppose -203*g + 3474830 = -6216997 - 6877033. What is the hundreds digit of g?
6
Suppose 2*g - 2*q = 8286 - 354, -2*g + 3*q = -7932. Suppose -5*t = -3*x - 4956, -3*t + 7*t - 3*x = g. What is the units digit of t?
0
Let z = 9504 + -3738. What is the thousands digit of z?
5
Let q(h) = -79*h**3 + 13*h**2 - 74*h - 738. What is the ten thousands digit of q(-9)?
5
Let s(p) be the third derivative of -p**7/2520 + 7*p**6/360 + 2*p**5/15 + 12*p**2. Let l(h) be the third derivative of s(h). What is the units digit of l(3)?
8
Let h(u) = -u - u**3 + 0*u + 2 + 12*u**2 + 2 + 6. Let t be h(12). Let d(c) = -35*c + 8. What is the units digit of d(t)?
8
Let r be ((-6)/1)/(5 - 78/12). What is the tens digit of ((-830)/r)/(5/(-10))?
1
What is the tens digit of (-212750)/(-9) + 4310/3879?
4
What is the thousands digit of 300/525 + 35437/7?
5
Let d(h) = 1405*h**3 + h**2 - 3*h - 3. Let n = -26 + 25. Let b be d(n). What is the units digit of (b/(-30))/(2/5)?
7
Let o be 3*(-2)/12*-184. Let p = 99 - o. Suppose -2*t + 1719 = p*t. What is the hundreds digit of t?
1
Let m(t) be the third derivative of -1/24*t**4 + 17*t**2 + 1/3*t**3 - 1/60*t**5 - 1/40*t**6 + 0 + 0*t. What is the tens digit of m(-2)?
2
Let w be (32/24)/(14/12 - 1). Suppose w*c - 1437 = -277. What is the hundreds digit of c?
1
Let b(i) = -i**3 - 5*i**2 - 4*i + 16. Let w be b(-4). Suppose 9976 = w*q + 13*q. What is the hundreds digit of q?
3
Let w = 35705 + -21250. What is the ten thousands digit of w?
1
Let k = 28 - 39. Let y be 0 - 1 - k*14. Let v = y - 106. What is the units digit of v?
7
Suppose w - 6725 = -y, 14*w - 16*w + 5*y = -13401. What is the units digit of w?
8
Suppose -3*o - 1536 = -5*o - 2*n, -2*n = -3*o + 2294. Let x = o + -208. What is the units digit of x?
8
Let l(h) = 3*h**2 + 82*h - 63. What is the hundreds digit of l(49)?
1
Suppose 2*f - 3*i + 5285 = 4*f, f + 5*i - 2632 = 0. Suppose 4832 = 27*k - f. What is the tens digit of k?
7
Let p be -6 - 0*6/(-18). What is the tens digit of (p + 52/8)*274?
3
Suppose 3*q - 139647 = -3*h, 144*h - 142*h - 93080 = -5*q. What is the ten thousands digit of h?
4
Suppose 3*g + 645 = 8*g. Let t be -7 + 5 - (-6)/2. Suppose -g = -n + r, 2*r + 7 - t = 0. What is the hundreds digit of n?
1
Let r(m) = -2*m + 152. Let v be 7/56 + 1/(32/892). What is the units digit of r(v)?
6
Let l = 11658 - 6468. What is the hundreds digit of l?
1
Let i be 6 + (-1 - -3 - 4). Suppose -57*a + 2579 - 356 = 0. What is the tens digit of (i + 12/(-4))*a?
3
Let i = 16080 - 8404. What is the hundreds digit of i?
6
Let a(l) = -34*l**3 + 17*l**2 + 272*l - 113. What is the tens digit of a(-10)?
6
Suppose -2*t - c + 19 = 3*t, 14 = 3*t - 2*c. What is the units digit of 5/((-50)/t) - 30128/(-70)?
0
Let j be 14/49 - 2/7. Suppose 4*c + 0*s + s - 945 = 0, -3*c + 4*s + 723 = j. What is the hundreds digit of c?
2
Suppose -13 - 57 = -5*r. Let y = -3675 + 3712. Suppose r = t - y. What is the units digit of t?
1
Let n(d) = d**3 - 12*d**2 + 2*d + 7. Suppose 382 = 5*q - 68. Suppose 0 = -2*y + 116 - q. What is the units digit of n(y)?
2
Let r = -5 + 31. Let z = r - 22. Let v = 46 + z. What is the tens digit of v?
5
Suppose 33*x + 5*h = 31*x + 1880, -6*h = -5*x + 4663. What is the units digit of x?
5
Let z(l) be the first derivative of 2*l**3/3 - 8*l**2 - 3*l + 22. Let g be z(12). Suppose 3*b = 2*b - 2*x + g, 2*x + 85 = b. What is the tens digit of b?
8
Suppose 982 + 3638 = 22*t. Suppose 96*n + t = 101*n. What is the tens digit of n?
4
Let q be ((-1)/(-2))/(2/160). Let j = q - 37. Suppose -r + 37 = j*d, -3*d - 4*r - 34 = -5*d. What is the tens digit of d?
1
Let q(z) = z**2 + z. Let p be q(-1). Let r(y) = -y**3 - 2*y**2 + y + 6. Let l be r(p). Suppose 0 = -w + l*w - 555. What is the hundreds digit of w?
1
Let b be (3 + -3 + -15)*4. Let m = b + 65. Suppose m*u - 194 = -2*d, -5*d + 251 = u - 257. What is the tens digit of d?
0
Let v be (-12)/(-8)*4 + -4 - -2. Suppose 2*a + 4*o - 100 = 0, 0 = -4*a - v*o + 176 + 40. What is the tens digit of a?
5
Suppose 21*b - 780038 = 119602. What is the tens digit of b?
4
Suppose 11*b - 37428 = 8*b + m, -49904 = -4*b + m. What is the tens digit of b?
7
Let g = -150 - -152. What is the units digit of g/(-2)*(-38 + -32)?
0
What is the hundreds digit of 113730/120 + -13 + 11 + (-10)/(-8)?
9
Let n be 1266*((-22)/(-20) + 21/(-35)). Suppose 4*w - 1261 = 5*g, 2*w + 0*g - 5*g = n. What is the tens digit of w?
1
Suppose -41*y - 605287 = 168*y - 5862682. What is the thousands digit of y?
5
Suppose -8*v + 4*j = -134044, -4*v - 2*j - 15367 + 82385 = 0. What is the thousands digit of v?
6
Let l(u) = u**3 - 44*u**2 - 93*u + 51. Let w be l(46). Let m(a) = -a**3 + 6*a**2 + 9*a - 14. What is the tens digit of m(w)?
5
Suppose -f = 5*n - 15999, -13*f + 3 = -16*f. What is the tens digit of n?
0
What is the tens digit of (-9)/12 - 651015/(-612)?
6
Suppose -23*v + 3498 = -12*v. What is the units digit of v?
8
What is the hundreds digit of (-3 - (-8015)/(-6))*((-108)/12 - -3)?
0
Let u be (-2)/6*(-9)/1 - 1. Suppose u*k = -2*w + 12, -w = 5*k + w - 42. Suppose -632 = -k*t - 32. What is the tens digit of t?
6
Let d = 5474 + 8488. What is the hundreds digit of d?
9
Suppose g = -5*g + 6660. Suppose 4*v + g = -v. Let f = v + 344. What is the hundreds digit of f?
1
Let w(l) = -l**3 + 10*l**2 - 9*l. Let n(d) = -d**2 - 5*d + 4. Let f be n(-5). Let o(h) = h**2 - 4*h + 8. Let x be o(f). What is the units digit of w(x)?
6
Suppose 22 = -2*c + b, 0 = 2*c + 2*b + 16 + 12. Let j be (2/4)/((-3)/c). Suppose p = j*u + 9 + 66, 0 = -3*p + 2*u + 233. What is the units digit of p?
9
Suppose -17498 = -65*y + 194597. What is the tens digit of y?
6
Let d(b) = -14 + 6*b + 0*b**2 + b**2 - 20 - 5*b. Let q be d(5). What is the tens digit of q + (-46)/(-11) - (-1813)/11?
6
Let c(a) = -a**2 - 157*a + 1272. What is the thousands digit of c(-86)?
7
Let h(d) = -8*d**2 - 3*d + 16*d**2 - 4*d**2 + 6. Let q = -4 - -7. What is the tens digit of h(q)?
3
Suppose 0 = b - 5, d - 4*b + 24 = 5*d. Let z(m) = 5*m**2 + 5*m - 3. What is the units digit of z(d)?
7
Suppose 0 = 69*d - 83*d + 206052. What is the ten thousands digit of d?
1
Suppose -c = -2*j + 134 - 50, 43 = j - c. Let b = 44 - j. Suppose -b*q + 7 = -2*q + 4*o, 3*o + 127 = 5*q. What is the units digit of q?
3
Let g(c) = c**3 - 11*c**2 - 12*c + 15. Let i be g(12). Let r(w) = 14*w - 52. What is the tens digit of r(i)?
5
What is the ten thousands digit of 6 - 1269436/(-63) - (-4)/(-90)*-5?
2
Suppose -6*s = -0*s + 5*s. Suppose 35*x - 31*x - 3008 = s. What is the hundreds digit of x?
7
Suppose -4*c + 12 = 0, -3*x + 28693 = -c - 21668. What is the thousands digit of x?
6
Let h = 233 - 404. Let i = h - -269. What is the tens digit of i?
9
Suppose 0*s = 4*s - 24. Let i(b) = -27 + 20*b + 41 - 6*b. What is the tens digit of i(s)?
9
Suppose 0 = 464*i - 471*i - 231. Let a(p) = -p**3 - 31*p**2 + 32*p - 72. What is the tens digit of a(i)?
5
Suppose -4*a - 3*y - 382 = -4805, -3*a + 4*y + 3311 = 0. What is the tens digit of a?
0
Let u = 19 - 14. Suppose u*v + f - 1047 - 79 = 0, -2*v + 5*f + 472 = 0. Suppose -3*a + 4*l = 7*l - 660, -a - 4*l + v = 0. What is the hundreds digit of a?
2
Let x be (2 - 3)/(4/(-1264)). Let g = x + -5. What is the tens digit of g?
1
Suppose 67 = -4*x + 5*x. Suppose 3*k = -44 - x. Let p = k - -76. What is the units digit of p?
9
Let h = -51 + 449. Let p = h + 802. What is the thousands digit of p?
1
What is the units digit of 225510/19 + (432/(-456) - -1)?
9
Suppose 0 = -5*f - 2*i + 31109, -3*f + 29901 - 11238 = 2*i. What is the units digit of f?
3
Let d be (-20)/(-6)*12/10*-1. Let q be (-1)/(2*d/(-776)). Let p = 188 + q. What is the units digit of p?
1